{"id":12,"date":"2015-12-14T14:56:32","date_gmt":"2015-12-14T14:56:32","guid":{"rendered":"http:\/\/starkiter.de\/?page_id=12"},"modified":"2024-01-31T17:10:06","modified_gmt":"2024-01-31T16:10:06","slug":"ueber-mich","status":"publish","type":"page","link":"http:\/\/starkiter.de\/?page_id=12","title":{"rendered":"\u00dcber mich"},"content":{"rendered":"<p>Die unmittelbare Erfahrung von Wind ist f\u00fcr mich der Antrieb Drachen in die Luft zu bringen. Im Vordergrund steht dabei nicht die Fortbewegung wie beim Kiteboarden oder Kitesurfen, sondern das Erleben der Zugkraft an den Leinen.<\/p>\n<p>Ich fliege<\/p>\n<p><strong>Zweileiner Stabdrachen<br \/>\n\u2022 Tinker Bee <\/strong>(Apr. 22)<strong><br \/>\n<\/strong>Meines Wissens derzeit kleinster erh\u00e4ltlicher Zweileiner<\/p>\n<p><strong>Zweileiner Lenkmatten<br \/>\n\u2022 Spiderkites Neon <\/strong>(Dez. 18)<strong><br \/>\n<\/strong>Sturm-Matte mit ca. 1,2m Spannweite f\u00fcr richtig viel Spa\u00df bei ganz viel Wind<strong><br \/>\n<\/strong><strong>\u2022 Elliot Sigma Spirit 2.0<\/strong>\u00a0(M\u00e4rz 15)<br \/>\nKleine Fun-Matte f\u00fcr unterwegs mit rund 2,0 m Spannweite<br \/>\n<strong>\u2022 HQ Symphony Speed 2.0<\/strong> (Feb. 20)<br \/>\nSchnelle Speed-Matte f\u00fcr st\u00e4rkeren Wind mit 2,0 m Spannweite<\/p>\n<p><strong>Vierleiner Lenkmatten<br \/>\n\u2022 Spiderkites Smithi Pro<\/strong> (Feb. 18)<strong><br \/>\n<\/strong>Closed-Celler Trick-Lenkmatte mit 1 qm Fl\u00e4che und Handles<strong><br \/>\n<\/strong>\u2022 <strong>Cooper Nexxt One 150 <\/strong>(Dez. 16)<br \/>\nAllrounder-Lenkmatte mit ca. 1,5 qm Fl\u00e4che und Handles<br \/>\n<strong>\u2022 HQ Alpha 2.5<\/strong>\u00a0(Mai 15)<br \/>\nEinsteiger-Lenkmatte mit 2,5 qm Fl\u00e4che und Handles<\/p>\n<p><strong>Trainerkites<br \/>\n\u2022 Spiderkites Mono 2.0<\/strong> (Dez. 15)<br \/>\nVierleiner Single-Skin-Kite mit 2,0 qm Fl\u00e4che und Crossover-Bar<\/p>\n<p><strong>Vierleiner Stabdrachen<br \/>\n\u2022 Revolution 1.5 EXP<\/strong>\u00a0(Nov. 14)<br \/>\nVierleiner Stabdrachen an Handles mit enormen M\u00f6glichkeiten<br \/>\n<strong>\u2022 Feine Drachen BaSic<\/strong> (Sep. 17)<br \/>\nRevolution-Nachbau<br \/>\n<strong>\u2022 Korvokites KQK Std. <\/strong>(Dez. 19)<strong> \/ Supervented\u00a0<\/strong>(M\u00e4rz 21)<br \/>\nWeiterentwickelter Revolutions<br \/>\n<strong>\u2022 Revopolo UL<\/strong> (Okt. 20)<br \/>\nUL-Variante eines Revolution<br \/>\n<strong>\u2022 Diverse Eigenbauten<\/strong> (seit 2018)<br \/>\nRevolution-Klons und eigene Konstruktionen<\/p>\n<p>Meine haupts\u00e4chlichen Flugfelder (auf Kitewiese):<\/p>\n<ul>\n<li><strong>Diefenbach Hill<\/strong><br \/>\n<a href=\"http:\/\/www.kitewiese.de\/kitespot_show.cfm?kitespotid=745\" target=\"_blank\" rel=\"noopener\">http:\/\/www.kitewiese.de\/kitespot_show.cfm?kitespotid=745<\/a><br \/>\nWindvorhersage: <a href=\"https:\/\/www.windfinder.com\/forecast\/diefenbach\" target=\"_blank\" rel=\"noopener\">https:\/\/www.windfinder.com\/forecast\/diefenbach<br \/>\n<\/a><\/li>\n<li><strong>Oberderdingen Wilfenberg<\/strong><br \/>\n<a href=\"https:\/\/www.kitewiese.de\/kitespot_show.cfm?kitespotid=785\" target=\"_blank\" rel=\"noopener\">https:\/\/www.kitewiese.de\/kitespot_show.cfm?kitespotid=785<\/a><\/li>\n<\/ul>\n<p><strong>Mein Profil im Drachenforum:<\/strong><br \/>\n<a href=\"https:\/\/www.drachenforum.net\/index.php\/User\/25753-Starkiter\/\" target=\"_blank\" rel=\"noopener\">https:\/\/www.drachenforum.net\/index.php\/User\/25753-Starkiter\/<\/a><\/p>\n<p>Historisch geh\u00f6re ich noch zu den &#8218;Baby-Boomern&#8216;, bin also \u00dc50 und drachentechnisch ein Sp\u00e4tz\u00fcnder. Das erkl\u00e4rt auch meine bisher wenig waghalsigen Aktionen &#8211; ohne Trapez und Chickenloops. Aber vielleicht kommts ja noch&#8230;<\/p>\n<p>Wer mit mir Kontakt aufnehmen m\u00f6chte kann dies \u00fcber die App Telegram tun &#8211; suchen nach @StephanSchniz.<\/p>\n<p>Stephan Schniz<br \/>\nD-75447 Sternenfels<\/p>\n","protected":false},"excerpt":{"rendered":"<p>Die unmittelbare Erfahrung von Wind ist f\u00fcr mich der Antrieb Drachen in die Luft zu bringen. Im Vordergrund steht dabei nicht die Fortbewegung wie beim Kiteboarden oder Kitesurfen, sondern das Erleben der Zugkraft an den Leinen. Ich fliege Zweileiner Stabdrachen \u2022 Tinker Bee (Apr. 22) Meines Wissens derzeit kleinster erh\u00e4ltlicher Zweileiner Zweileiner Lenkmatten \u2022 Spiderkites &hellip; <a href=\"http:\/\/starkiter.de\/?page_id=12\" class=\"more-link\">Weiterlesen <span class=\"screen-reader-text\">\u00dcber mich<\/span><\/a><\/p>\n","protected":false},"author":1,"featured_media":0,"parent":0,"menu_order":4,"comment_status":"closed","ping_status":"closed","template":"","meta":{"footnotes":""},"class_list":["post-12","page","type-page","status-publish","hentry","without-featured-image"],"_links":{"self":[{"href":"http:\/\/starkiter.de\/index.php?rest_route=\/wp\/v2\/pages\/12","targetHints":{"allow":["GET"]}}],"collection":[{"href":"http:\/\/starkiter.de\/index.php?rest_route=\/wp\/v2\/pages"}],"about":[{"href":"http:\/\/starkiter.de\/index.php?rest_route=\/wp\/v2\/types\/page"}],"author":[{"embeddable":true,"href":"http:\/\/starkiter.de\/index.php?rest_route=\/wp\/v2\/users\/1"}],"replies":[{"embeddable":true,"href":"http:\/\/starkiter.de\/index.php?rest_route=%2Fwp%2Fv2%2Fcomments&post=12"}],"version-history":[{"count":35,"href":"http:\/\/starkiter.de\/index.php?rest_route=\/wp\/v2\/pages\/12\/revisions"}],"predecessor-version":[{"id":587,"href":"http:\/\/starkiter.de\/index.php?rest_route=\/wp\/v2\/pages\/12\/revisions\/587"}],"wp:attachment":[{"href":"http:\/\/starkiter.de\/index.php?rest_route=%2Fwp%2Fv2%2Fmedia&parent=12"}],"curies":[{"name":"wp","href":"https:\/\/api.w.org\/{rel}","templated":true}]}}